be (-1)/((-1)/(2 + m)). Suppose -c*i = 4*r - 43, i = -4*r - i + 46. List the prime factors of r.
2, 3
Suppose h = -1 + 4, -4*v = -4*h + 40. Let l = 12 - v. What are the prime factors of l?
19
Suppose 4 = 4*v - 4. Suppose v*g = -0*g + 16. List the prime factors of g.
2
Let f(w) be the first derivative of 8*w**3 - 5. List the prime factors of f(-1).
2, 3
Let j(y) = -y**3 + 20*y**2 + 9*y + 34. List the prime factors of j(20).
2, 107
Let l(w) be the third derivative of -w**6/60 + w**5/60 + w**4/12 + w**3/6 + 3*w**2. List the prime factors of l(-1).
2
What are the prime factors of 10/(-5) - (-82 + 2)?
2, 3, 13
Let q be 4 + ((-3)/3 - 6). Let d be ((-3)/(-1))/((-2)/4). Let c = q - d. List the prime factors of c.
3
Suppose -10 = -5*h + 20. Suppose -5*z = -2*t + 4, 3*z - h = 5*z - 3*t. Suppose 36 = 3*p + 3*g, z*p - 4*g = -2*p. What are the prime factors of p?
2
Suppose 3*p + 0 - 6 = 0. Suppose 9 = -p*i + 39. What are the prime factors of i?
3, 5
List the prime factors of ((-5445)/(-20))/11 - (-3)/(-4).
2, 3
Suppose 19 = 3*k + a + a, -3*k + 20 = a. What are the prime factors of 3/7 + 172/k?
5
Suppose y - 3*x - 26 = 0, -y - 5 - 4 = 4*x. Suppose -2*v - 1 = -y, 4*a + 1 = 5*v. What are the prime factors of a?
2, 3
Suppose -4*x - 2*b + 288 = 0, -b = 2*x + 2*b - 148. List the prime factors of x.
71
Suppose 6*h - 10*h = -56. List the prime factors of h.
2, 7
Let c = 1 - -13. Suppose 4*p + 16 = z, z - 4*p + 2*p = c. List the prime factors of z.
2, 3
Let y = 14 + -9. List the prime factors of y.
5
Suppose -5*u = -16*u + 1650. List the prime factors of u.
2, 3, 5
Let r(q) = 3*q - 3 + 10 + q**2 + q. Let l(d) = -6*d**3 + d**2. Let i be l(1). What are the prime factors of r(i)?
2, 3
Suppose -j + 3 = -2. Let o be 377/j + 6/(-15). What are the prime factors of o/12 + 1/(-4)?
2, 3
Let k be ((-9)/18)/(1/30). What are the prime factors of 124/6*k/(-10)?
31
Suppose 0 = 3*a + 2*o, 2*o - 7 = -a - o. What are the prime factors of a/5 - 72/(-5)?
2, 7
Suppose -8*y = -4*y - 780. List the prime factors of y.
3, 5, 13
Let l(v) = -65*v**3 + v**2 + v. List the prime factors of l(-1).
5, 13
Suppose -6*l + 293 + 139 = 0. What are the prime factors of l?
2, 3
Let h be 4*(0 - (-3)/6). Let p(k) = k**3 + 3*k**h + 6 + 3*k + 5*k - 10*k**2. List the prime factors of p(6).
2, 3
Let c(l) = -8*l - 13. What are the prime factors of c(-10)?
67
Suppose 0 = -5*r - 4*c + 361, 2*r - 150 = -0*c + 4*c. What are the prime factors of r?
73
Let p(n) = n**3 - 5*n**2 + 5*n - 1. Let q be p(4). Suppose -2*u + 40 = q*u. List the prime factors of u.
2
Let t = 50 - 71. Let m = 42 + t. What are the prime factors of m?
3, 7
Suppose 3*z - 213 + 18 = 0. List the prime factors of z.
5, 13
Suppose -5*p = 5*t - 415, -255 = -4*t + 4*p + 45. What are the prime factors of t?
79
Let l(u) = u + 9. Let z be l(-7). Let h = 10 + z. What are the prime factors of h?
2, 3
Let h(b) = 4*b**3 - 1. What are the prime factors of h(2)?
31
Suppose 0 = -4*h - 2*n + 6, 3*h - n - 27 = 2*n. Let a = h - 3. What are the prime factors of (-4)/((a/(-3))/1)?
2, 3
Suppose 3*c + 11 = 26, 9 = 2*f - 3*c. Let w = 22 - f. List the prime factors of w.
2, 5
Suppose -14*a - 74 = -15*a. What are the prime factors of a?
2, 37
Let o = -10 - -18. What are the prime factors of o?
2
Let b(r) = 8*r**2. What are the prime factors of b(1)?
2
Suppose -4*m + 90 = -g, 7*g - 2*g + 4*m + 570 = 0. Let b = -76 - g. What are the prime factors of b?
2, 17
Let b = 8 + -14. Let r = 11 - b. What are the prime factors of r?
17
Let b be ((-58)/4)/(3/6). Let t = b - -49. List the prime factors of t.
2, 5
Let h(l) = -6*l**2 - 7*l - 6. Let r(y) = 5*y**2 + 6*y + 5. Let n(z) = -6*h(z) - 7*r(z). What are the prime factors of n(2)?
5
Suppose -3*c + 58 + 59 = 0. List the prime factors of c.
3, 13
Suppose 5*m = 8 + 17. Suppose 0 = 2*r - m*r + 9. Suppose -25 = -k - 3*l, r*k - 2*l - 18 = 24. What are the prime factors of k?
2
Let c be (-15)/(-4) - (-2)/8. Suppose -x + 1 = -b, -2*b + 0*b + c = 0. Suppose -8 - 10 = -x*d. What are the prime factors of d?
2, 3
Suppose 571 = -14*d + 1523. What are the prime factors of d?
2, 17
Let s(c) = 2*c**2 - 6*c + 5. Let d be s(4). Suppose -4*l = -27 - d. What are the prime factors of l?
2, 5
Suppose 2*h - 15 = -h. Suppose -18 = n + h. Let p = -16 - n. What are the prime factors of p?
7
Suppose 2*q - 6*q = 5*x - 78, 0 = -q - 3*x + 23. List the prime factors of q.
17
Suppose 0 - 16 = -4*b. Suppose -4*g = 5*v - 46, -4*v - b*g + 6*g + 42 = 0. What are the prime factors of v?
2, 5
Let p = -29 - -46. What are the prime factors of p?
17
Let j be 66/4 - (-3)/(-6). Suppose 8 = 2*w - j. What are the prime factors of w?
2, 3
Let q(u) = 2*u**3 - u**2. Let o be q(1). Let d be -1 + (-12)/(-3 + o). Suppose 0 = -2*s - 8, -d*s = h - 4*s - 17. List the prime factors of h.
3, 7
Suppose -3*b - 615 = -8*b. What are the prime factors of b?
3, 41
Suppose -439 = 5*l + 3*o, -l - 4*o - 38 = 60. What are the prime factors of l/(-18) - 8/(-36)?
5
Suppose 0*i + 200 = 2*i. What are the prime factors of 6/(-4)*i/(-15)?
2, 5
Let a(c) = -16*c**3 - c**2 - 2*c - 2. List the prime factors of a(-1).
3, 5
Suppose 11*h + 2*y - 354 = 9*h, -5*h + 2*y = -920. List the prime factors of h.
2, 7, 13
Suppose 0 = 3*i + 2*k - 20, -i - 5 = -2*k - 1. Suppose -i*m = -3*m - 19. Suppose -n - n + 10 = 0, 4*a = n + m. What are the prime factors of a?
2, 3
Let h(n) = -3*n + 2. Let c be h(-11). Let o = 82 - c. List the prime factors of o.
47
Let i(q) = 2*q**2 + 5*q + 10. What are the prime factors of i(-4)?
2, 11
Let t(u) = 3*u**3 - 5*u**2 + u + 3. What are the prime factors of t(4)?
7, 17
Let c(y) = y**3 + 6*y**2 + 6*y. Let l be c(-4). Let m(a) = -a**3 + 9*a**2 - 7*a. Let p be m(l). Let f = 15 - p. What are the prime factors of f?
7
Suppose -10 = -s - 0*s. Let m = s + -3. What are the prime factors of m?
7
Suppose -2*n - l + 166 = 0, -5*n + 4*l - 120 = -522. What are the prime factors of n?
2, 41
Let m = -10 + 5. Let h = m - -13. What are the prime factors of h?
2
Let b(p) = p**2 - 2*p. Let w be b(-3). Suppose 0 = -0*y - 3*y + w. List the prime factors of y*3*(-8)/(-30).
2
Suppose -3*m + 15 = 0, m - 31 = -2*w + 16. List the prime factors of (-4)/((-4)/w) + 2.
23
Let u(a) = -a**2 - 12*a - 4. List the prime factors of u(-8).
2, 7
Let n(b) = 2*b**3 - 2*b**2 - 2*b + 2. Let i(y) = -y**2 + 3*y + 4. Let t be i(3). Suppose t*f + f = 10. What are the prime factors of n(f)?
2, 3
Let s(l) be the third derivative of -l**4/8 - l**3/2 + 2*l**2. List the prime factors of s(-2).
3
Suppose 38 = -3*l - 1. Let z = l + 25. What are the prime factors of z?
2, 3
Let w(h) = 3*h**2 - 9*h + 0 - 2*h**2 + 0 + 5. List the prime factors of w(10).
3, 5
Let w be -4*2/(-4) - 0. Suppose w*d = 5 + 3. What are the prime factors of d?
2
Suppose -w - 2 = -2*v + 14, 3*v - 4*w - 34 = 0. Suppose -4*l + 4*d - 46 = -v*l, -3*l + 67 = 4*d. List the prime factors of l.
3, 7
Suppose 3*x = -0*x + 9. Suppose -5*j = 3*q - 51, 0*j - 3*j + x*q + 21 = 0. List the prime factors of j.
3
Suppose -32 + 84 = -d - 3*j, j = 0. Let y = 73 + d. List the prime factors of y.
3, 7
Let j be (2 - 1)*(-1)/(-1). Let h be (-2 + j)/(1 + 0). List the prime factors of h - (-13 + 2 + 2).
2
Suppose -4*c = x - 17, -2*x + 3*x - 20 = -5*c. Suppose -78 = -5*r + v, 4*r + v + c*v = 72. List the prime factors of r.
2
Suppose -5*y = -25, 5*i + 3 = 2*i + 3*y. Suppose 3*w + 4*l - 16 = -w, 23 = i*w - 3*l. List the prime factors of w.
5
Let n = 44 - 30. List the prime factors of n.
2, 7
Suppose 2*l + 36 = 2*h, l + 3*h + 10 = -8. Let m be (-14)/l - (-8)/36. Let z = m - -8. List the prime factors of z.
3
Let u(p) = p**3 - p - 2. Let b be u(2). Suppose -b = -x - 0. What are the prime factors of x?
2
Let t(k) = k**3 - 2*k - 1. Let r be t(2). Suppose -r*l = -5*v - 2, v + l + 3 = 9. What are the prime factors of v?
2
Let u(k) = -k + 8. What are the prime factors of u(-8)?
2
Let v(a) = -a. Suppose 2*b - b = 2*m - 4, -3*m + 3*b = -12. Suppose 2*l - q + 8 + 7 = m, -5*q + 27 = -2*l. What are the prime factors of v(l)?
2, 3
Let v be (12/18)/((-1)/6). What are the prime factors of (-18)/(-5)*(v - -9)?
2, 3
Let k(w) = -w**2 + w + 1. Let u be k(-2). What are the prime factors of (-85)/u*(2 + -1)?
17
Let s(k) = 4*k**2 + 5*k + 3. Let z be s(-3). Let v = z + -10. Suppose -v = x - 35. What are the prime 